{"id":5,"date":"2017-01-09T09:52:02","date_gmt":"2017-01-09T09:52:02","guid":{"rendered":"http:\/\/demos.artbees.net\/jupiter5\/vyasa\/?page_id=5"},"modified":"2021-05-31T23:39:33","modified_gmt":"2021-05-31T23:39:33","slug":"home","status":"publish","type":"page","link":"https:\/\/mblc.adv.br\/novo\/","title":{"rendered":"Home"},"content":{"rendered":"[vc_row][vc_column][vc_column_text][\/vc_column_text][\/vc_column][\/vc_row][mk_page_section vertical_align=&#8221;top&#8221; bg_image=&#8221;https:\/\/mblc.adv.br\/novo\/wp-content\/uploads\/2021\/05\/rio-de-janeiro-lcbpm32-scaled.jpg&#8221; border_color=&#8221;rgba(0,0,0,0.44)&#8221; bg_position=&#8221;center bottom&#8221; bg_repeat=&#8221;no-repeat&#8221; bg_stretch=&#8221;true&#8221; video_color_mask=&#8221;rgba(0,0,0,0.58)&#8221; video_opacity=&#8221;0.8&#8243; min_height=&#8221;520&#8243; padding_top=&#8221;40&#8243; padding_bottom=&#8221;0&#8243; sidebar=&#8221;sidebar-1&#8243;][vc_column][mk_padding_divider size=&#8221;20&#8243;][mk_padding_divider][mk_fancy_title tag_name=&#8221;h4&#8243; color=&#8221;#ffffff&#8221; size=&#8221;20&#8243; force_font_size=&#8221;true&#8221; size_phone=&#8221;15&#8243; font_weight=&#8221;500&#8243; txt_transform=&#8221;uppercase&#8221; letter_spacing=&#8221;8&#8243; margin_top=&#8221;100&#8243; font_family=&#8221;Montserrat&#8221; font_type=&#8221;google&#8221; align=&#8221;center&#8221;]<b>Um Escrit\u00f3rio <i>Corporate Legal Counsel<\/i><\/b>[\/mk_fancy_title][mk_fancy_title tag_name=&#8221;h1&#8243; color=&#8221;#ffffff&#8221; size=&#8221;40&#8243; force_font_size=&#8221;true&#8221; size_tablet=&#8221;40&#8243; size_phone=&#8221;25&#8243; font_weight=&#8221;500&#8243; txt_transform=&#8221;uppercase&#8221; letter_spacing=&#8221;3&#8243; font_family=&#8221;Montserrat&#8221; font_type=&#8221;google&#8221; align=&#8221;center&#8221;]MODERNO E DE RELACIONAMENTO<\/p>\n<p>PR\u00d3XIMO A SEU CLIENTE[\/mk_fancy_title][vc_row][\/vc_row][\/vc_column][\/mk_page_section][mk_page_section bg_color=&#8221;#fffbf5&#8243; min_height=&#8221;80&#8243; padding_top=&#8221;80&#8243; padding_bottom=&#8221;60&#8243; sidebar=&#8221;sidebar-1&#8243;][vc_column width=&#8221;1\/12&#8243;][\/vc_column][vc_column width=&#8221;5\/12&#8243;][mk_image src=&#8221;https:\/\/mblc.adv.br\/novo\/wp-content\/uploads\/2019\/06\/10-red.jpg&#8221; image_size=&#8221;full&#8221; align=&#8221;right&#8221; margin_bottom=&#8221;0&#8243;][mk_padding_divider size=&#8221;20&#8243; visibility=&#8221;visible-sm&#8221;][\/vc_column][vc_column width=&#8221;1\/12&#8243;][\/vc_column][vc_column width=&#8221;5\/12&#8243;][mk_fancy_title color=&#8221;#dd9933&#8243; size=&#8221;40&#8243; force_font_size=&#8221;true&#8221; size_tablet=&#8221;40&#8243; size_phone=&#8221;25&#8243; font_weight=&#8221;500&#8243; txt_transform=&#8221;none&#8221; font_family=&#8221;Montserrat&#8221; font_type=&#8221;google&#8221;]O Escrit\u00f3rio[\/mk_fancy_title][vc_column_text disable_pattern=&#8221;false&#8221; margin_bottom=&#8221;40&#8243; css=&#8221;.vc_custom_1622468977821{margin-bottom: 40px !important;}&#8221;]Em sua configura\u00e7\u00e3o atual, o escrit\u00f3rio Martins Bastos Advogados surgiu em Agosto de 2000 sob a gest\u00e3o de Dr. Guaracy Martins Bastos. A partir de ent\u00e3o, especializou-se em ramos afins do Direito Empresarial, como Direito Tribut\u00e1rio, Trabalhista e do Consumidor.<\/p>\n<p>\nR\u00edgido quanto \u00e0 qualidade de seus servi\u00e7os, o escrit\u00f3rio tem como pr\u00e1tica corrente o constante aperfei\u00e7oamento de seus profissionais atrav\u00e9s de cursos e treinamentos.<\/p>\n<p><!-- \/wp:paragraph -->[vc_row][vc_column width=&#8221;1\/1&#8243;][vc_column_text]<!-- wp:shortcode -->[\/vc_column_text][mk_button dimension=&#8221;flat&#8221; corner_style=&#8221;rounded&#8221; size=&#8221;medium&#8221; url=&#8221;https:\/\/mblc.adv.br\/novo\/escritorio\/&#8221;]SAIBA MAIS[\/mk_button][\/vc_column][\/mk_page_section][vc_row][vc_column][mk_padding_divider size=&#8221;80&#8243;][\/vc_column][\/vc_row][vc_row fullwidth=&#8221;true&#8221; fullwidth_content=&#8221;false&#8221;][vc_column width=&#8221;5\/12&#8243;][mk_fancy_title color=&#8221;#dd9933&#8243; size=&#8221;40&#8243; force_font_size=&#8221;true&#8221; size_phone=&#8221;25&#8243; font_weight=&#8221;500&#8243; txt_transform=&#8221;none&#8221; font_family=&#8221;Montserrat&#8221; font_type=&#8221;google&#8221;]\n<p style=\"text-align: right;\">Vis\u00e3o e Miss\u00e3o<\/p>\n[\/mk_fancy_title][vc_column_text disable_pattern=&#8221;false&#8221; css=&#8221;.vc_custom_1622469285500{margin-bottom: 0px !important;}&#8221;]\n<p style=\"text-align: right;\">Almejamos ser o melhor e mais indicado Corporate Legal Counsel que transpare\u00e7a aos seus clientes e p\u00fablicos envolvidos os valores internos: profissionalismo, \u00e9tica, transpar\u00eancia, modernidade, proximidade, agilidade e confian\u00e7a.<\/p>\n<p style=\"text-align: right;\">Desta forma, nossa miss\u00e3o \u00e9 assessorar pessoas, empresas e sindicatos com proximidade atuando na advocacia \u00e9tica apoiada por pilares modernos para maximizar os valores reais e percebidos aos clientes e \u00e0 toda sociedade.<\/p>\n[\/vc_column_text][mk_padding_divider size=&#8221;60&#8243;][mk_padding_divider size=&#8221;60&#8243; visibility=&#8221;hidden-sm&#8221;][\/vc_column][vc_column width=&#8221;1\/12&#8243;][\/vc_column][vc_column width=&#8221;5\/12&#8243;][mk_image src=&#8221;https:\/\/mblc.adv.br\/novo\/wp-content\/uploads\/2019\/06\/ff.jpg&#8221; image_size=&#8221;full&#8221; margin_bottom=&#8221;0&#8243;][\/vc_column][\/vc_row][vc_row][vc_column][mk_padding_divider size=&#8221;140&#8243;][\/vc_column][\/vc_row][mk_page_section bg_image=&#8221;https:\/\/mblc.adv.br\/novo\/wp-content\/uploads\/2019\/06\/lady-justice-statue-in-law-firm-office-eq6tmgc.jpg&#8221; border_color=&#8221;rgba(0,0,0,0.44)&#8221; bg_repeat=&#8221;no-repeat&#8221; bg_stretch=&#8221;true&#8221; enable_3d=&#8221;true&#8221; video_color_mask=&#8221;rgba(0,0,0,0.58)&#8221; video_opacity=&#8221;0.8&#8243; min_height=&#8221;350&#8243; js_vertical_centered=&#8221;true&#8221; padding_top=&#8221;0&#8243; padding_bottom=&#8221;0&#8243; sidebar=&#8221;sidebar-1&#8243;][vc_column][mk_fancy_title tag_name=&#8221;h1&#8243; color=&#8221;#ffffff&#8221; size=&#8221;50&#8243; force_font_size=&#8221;true&#8221; size_tablet=&#8221;40&#8243; size_phone=&#8221;25&#8243; font_weight=&#8221;500&#8243; txt_transform=&#8221;none&#8221; font_family=&#8221;Montserrat&#8221; font_type=&#8221;google&#8221; align=&#8221;center&#8221;]<b>21 anos de Experi\u00eancia em Direito<\/b>[\/mk_fancy_title][\/vc_column][\/mk_page_section][mk_page_section bg_color=&#8221;#f6f6f7&#8243; padding_top=&#8221;120&#8243; padding_bottom=&#8221;140&#8243; sidebar=&#8221;sidebar-1&#8243;][vc_column][mk_fancy_title color=&#8221;#dd9933&#8243; size=&#8221;40&#8243; force_font_size=&#8221;true&#8221; size_tablet=&#8221;40&#8243; size_phone=&#8221;25&#8243; font_weight=&#8221;500&#8243; txt_transform=&#8221;none&#8221; margin_bottom=&#8221;0&#8243; font_family=&#8221;Montserrat&#8221; font_type=&#8221;google&#8221; align=&#8221;center&#8221;]Valores[\/mk_fancy_title][vc_row_inner attached=&#8221;true&#8221; is_fullwidth_content=&#8221;false&#8221; column_padding=&#8221;3&#8243;][vc_column_inner width=&#8221;1\/3&#8243;][vc_icon icon_fontawesome=&#8221;fa fa-briefcase&#8221; color=&#8221;orange&#8221; size=&#8221;lg&#8221; align=&#8221;center&#8221;][mk_fancy_title tag_name=&#8221;h5&#8243; color=&#8221;#454545&#8243; size=&#8221;16&#8243; font_weight=&#8221;500&#8243; txt_transform=&#8221;capitalize&#8221; letter_spacing=&#8221;2&#8243; margin_bottom=&#8221;0&#8243; font_family=&#8221;Montserrat&#8221; font_type=&#8221;google&#8221; align=&#8221;center&#8221;]Profissionalismo[\/mk_fancy_title][\/vc_column_inner][vc_column_inner width=&#8221;1\/3&#8243;][vc_icon icon_fontawesome=&#8221;fa fa-university&#8221; color=&#8221;orange&#8221; size=&#8221;lg&#8221; align=&#8221;center&#8221;][mk_fancy_title tag_name=&#8221;h5&#8243; color=&#8221;#454545&#8243; size=&#8221;16&#8243; font_weight=&#8221;500&#8243; txt_transform=&#8221;capitalize&#8221; letter_spacing=&#8221;2&#8243; margin_bottom=&#8221;0&#8243; font_family=&#8221;Montserrat&#8221; font_type=&#8221;google&#8221; align=&#8221;center&#8221;]\u00c9tica[\/mk_fancy_title][\/vc_column_inner][vc_column_inner width=&#8221;1\/3&#8243;][vc_icon icon_fontawesome=&#8221;fa fa-eye&#8221; color=&#8221;orange&#8221; size=&#8221;lg&#8221; align=&#8221;center&#8221;][mk_fancy_title tag_name=&#8221;h5&#8243; color=&#8221;#454545&#8243; size=&#8221;16&#8243; font_weight=&#8221;500&#8243; txt_transform=&#8221;capitalize&#8221; letter_spacing=&#8221;2&#8243; margin_bottom=&#8221;0&#8243; font_family=&#8221;Montserrat&#8221; font_type=&#8221;google&#8221; align=&#8221;center&#8221;]Transpar\u00eancia[\/mk_fancy_title][\/vc_column_inner][\/vc_row_inner][vc_row_inner attached=&#8221;true&#8221; is_fullwidth_content=&#8221;false&#8221; column_padding=&#8221;3&#8243;][vc_column_inner width=&#8221;1\/3&#8243;][vc_icon icon_fontawesome=&#8221;fa fa-television&#8221; color=&#8221;orange&#8221; size=&#8221;lg&#8221; align=&#8221;center&#8221;][mk_fancy_title tag_name=&#8221;h5&#8243; color=&#8221;#454545&#8243; size=&#8221;16&#8243; font_weight=&#8221;500&#8243; txt_transform=&#8221;capitalize&#8221; letter_spacing=&#8221;2&#8243; margin_bottom=&#8221;0&#8243; font_family=&#8221;Montserrat&#8221; font_type=&#8221;google&#8221; align=&#8221;center&#8221;]Modernidade[\/mk_fancy_title][\/vc_column_inner][vc_column_inner width=&#8221;1\/3&#8243;][vc_icon icon_fontawesome=&#8221;fa fa-handshake-o&#8221; color=&#8221;orange&#8221; size=&#8221;lg&#8221; align=&#8221;center&#8221;][mk_fancy_title tag_name=&#8221;h5&#8243; color=&#8221;#454545&#8243; size=&#8221;16&#8243; font_weight=&#8221;500&#8243; txt_transform=&#8221;capitalize&#8221; letter_spacing=&#8221;2&#8243; margin_bottom=&#8221;0&#8243; font_family=&#8221;Montserrat&#8221; font_type=&#8221;google&#8221; align=&#8221;center&#8221;]Confian\u00e7a[\/mk_fancy_title][\/vc_column_inner][vc_column_inner width=&#8221;1\/3&#8243;][vc_icon icon_fontawesome=&#8221;fa fa-users&#8221; color=&#8221;orange&#8221; size=&#8221;lg&#8221; align=&#8221;center&#8221;][mk_fancy_title tag_name=&#8221;h5&#8243; color=&#8221;#454545&#8243; size=&#8221;16&#8243; font_weight=&#8221;500&#8243; txt_transform=&#8221;capitalize&#8221; letter_spacing=&#8221;2&#8243; margin_bottom=&#8221;0&#8243; font_family=&#8221;Montserrat&#8221; font_type=&#8221;google&#8221; align=&#8221;center&#8221;]Proximidade[\/mk_fancy_title][\/vc_column_inner][\/vc_row_inner][mk_button dimension=&#8221;flat&#8221; corner_style=&#8221;rounded&#8221; size=&#8221;medium&#8221; url=&#8221;https:\/\/mblc.adv.br\/novo\/sobre\/&#8221; align=&#8221;center&#8221; margin_bottom=&#8221;0&#8243; margin_right=&#8221;0&#8243; bg_color=&#8221;#000000&#8243;]SAIBA MAIS[\/mk_button][\/vc_column][\/mk_page_section][vc_row][vc_column][\/vc_column][\/vc_row][vc_row fullwidth=&#8221;true&#8221;][vc_column][mk_padding_divider size=&#8221;60&#8243;][mk_fancy_title color=&#8221;#dd9933&#8243; size=&#8221;40&#8243; force_font_size=&#8221;true&#8221; size_tablet=&#8221;40&#8243; size_phone=&#8221;25&#8243; font_weight=&#8221;500&#8243; txt_transform=&#8221;none&#8221; margin_bottom=&#8221;0&#8243; font_family=&#8221;Montserrat&#8221; font_type=&#8221;google&#8221; align=&#8221;center&#8221;]\u00c1reas de Atua\u00e7\u00e3o[\/mk_fancy_title][mk_padding_divider size=&#8221;60&#8243;][mk_gallery images=&#8221;235,234,233,231,229,228,227,226&#8243; custom_links=&#8221;https:\/\/mblc.adv.br\/novo\/atuacao\/#tributario, https:\/\/mblc.adv.br\/novo\/atuacao\/#consumidor, https:\/\/mblc.adv.br\/novo\/atuacao\/#credito, https:\/\/mblc.adv.br\/novo\/atuacao\/#contencioso, https:\/\/mblc.adv.br\/novo\/atuacao\/#saude, https:\/\/mblc.adv.br\/novo\/atuacao\/#empresarial, https:\/\/mblc.adv.br\/novo\/atuacao\/#digital, https:\/\/mblc.adv.br\/novo\/atuacao\/#compliance&#8221; column=&#8221;4&#8243; image_size=&#8221;large&#8221; item_spacing=&#8221;0&#8243; margin_bottom=&#8221;0&#8243; disable_title=&#8221;true&#8221;][\/vc_column][\/vc_row][vc_row][vc_column][mk_padding_divider size=&#8221;80&#8243;][mk_padding_divider][mk_button dimension=&#8221;flat&#8221; corner_style=&#8221;rounded&#8221; size=&#8221;medium&#8221; url=&#8221;https:\/\/mblc.adv.br\/novo\/atuacao\/&#8221; align=&#8221;center&#8221; fullwidth=&#8221;true&#8221; margin_bottom=&#8221;0&#8243; margin_right=&#8221;0&#8243; bg_color=&#8221;#000000&#8243;]CLIQUE AQUI E CONHE\u00c7A MAIS SOBRE NOSSAS \u00c1REAS DE ATUA\u00c7\u00c3O[\/mk_button][\/vc_column][\/vc_row][vc_row][vc_column][mk_padding_divider size=&#8221;80&#8243;][\/vc_column][\/vc_row][mk_page_section bg_color=&#8221;#454545&#8243; bg_repeat=&#8221;no-repeat&#8221; bg_stretch=&#8221;true&#8221; padding_top=&#8221;80&#8243; padding_bottom=&#8221;60&#8243; sidebar=&#8221;sidebar-1&#8243;][vc_column][mk_fancy_title color=&#8221;#ffffff&#8221; size=&#8221;40&#8243; force_font_size=&#8221;true&#8221; size_tablet=&#8221;40&#8243; size_phone=&#8221;25&#8243; font_weight=&#8221;500&#8243; txt_transform=&#8221;none&#8221; margin_bottom=&#8221;0&#8243; font_family=&#8221;Montserrat&#8221; font_type=&#8221;google&#8221; align=&#8221;center&#8221;]Entre em contato conosco[\/mk_fancy_title][mk_padding_divider size=&#8221;60&#8243;][vc_row_inner][vc_column_inner width=&#8221;4\/12&#8243;][mk_padding_divider size=&#8221;60&#8243;][mk_fancy_title tag_name=&#8221;h4&#8243; color=&#8221;#ffffff&#8221; size=&#8221;20&#8243; font_weight=&#8221;400&#8243; txt_transform=&#8221;none&#8221; letter_spacing=&#8221;4&#8243; margin_top=&#8221;5&#8243; font_family=&#8221;Montserrat&#8221; font_type=&#8221;google&#8221;]Endere\u00e7o[\/mk_fancy_title][vc_column_text disable_pattern=&#8221;false&#8221; margin_bottom=&#8221;20&#8243; css=&#8221;.vc_custom_1622469548067{margin-bottom: 20px !important;}&#8221;]<!-- \/wp:shortcode --><\/p>\n<p>Av. Presidente Antonio Carlos, 615<\/p>\n<p>1\u00ba andar<\/p>\n<p>Rio de Janeiro &#8211; RJ<br \/>\nTEL: + 55 21 2533-0109<\/p>\n<p><!-- \/wp:table --><br \/>\n<!-- wp:shortcode -->[\/vc_column_text][mk_social_networks size=&#8221;large&#8221; style=&#8221;simple&#8221; margin=&#8221;10&#8243; icon_color=&#8221;#727272&#8243; icon_hover_color=&#8221;#eeeeee&#8221; facebook=&#8221;https:\/\/www.facebook.com\/mblcadv\/&#8221; instagram=&#8221;https:\/\/www.instagram.com\/mblcadv\/&#8221; linkedin=&#8221;https:\/\/pt.linkedin.com\/company\/martins-bastos-advogados&#8221;][\/vc_column_inner][vc_column_inner width=&#8221;1\/12&#8243;][\/vc_column_inner][vc_column_inner width=&#8221;7\/12&#8243;][vc_gmaps link=&#8221;#E-8_JTNDaWZyYW1lJTIwc3JjJTNEJTIyaHR0cHMlM0ElMkYlMkZ3d3cuZ29vZ2xlLmNvbSUyRm1hcHMlMkZlbWJlZCUzRnBiJTNEJTIxMW0xOCUyMTFtMTIlMjExbTMlMjExZDM2NzUuMjA4NzM3NDA0MDY1NyUyMTJkLTQzLjE3NjE0MTM4NTkyMTk5JTIxM2QtMjIuOTA1NjcwNDg1MDEyMzc2JTIxMm0zJTIxMWYwJTIxMmYwJTIxM2YwJTIxM20yJTIxMWkxMDI0JTIxMmk3NjglMjE0ZjEzLjElMjEzbTMlMjExbTIlMjExczB4OTk4MWRlZmYzMDllNTklMjUzQTB4MTQ1Mjc4MzRjYWU1YjNhYSUyMTJzQXYuJTJCUHJlcy4lMkJBbnQlMjVDMyUyNUI0bmlvJTJCQ2FybG9zJTI1MkMlMkI2MTUlMkItJTJCQ2VudHJvJTI1MkMlMkJSaW8lMkJkZSUyQkphbmVpcm8lMkItJTJCUkolMjUyQyUyQjIwMDIwLTAxMCUyMTVlMCUyMTNtMiUyMTFzcHQtQlIlMjEyc2JyJTIxNHYxNTYwNzg4ODAxMjk4JTIxNW0yJTIxMXNwdC1CUiUyMTJzYnIlMjIlMjB3aWR0aCUzRCUyMjYwMCUyMiUyMGhlaWdodCUzRCUyMjQ1MCUyMiUyMGZyYW1lYm9yZGVyJTNEJTIyMCUyMiUyMHN0eWxlJTNEJTIyYm9yZGVyJTNBMCUyMiUyMGFsbG93ZnVsbHNjcmVlbiUzRSUzQyUyRmlmcmFtZSUzRQ==&#8221;][\/vc_column_inner][\/vc_row_inner][\/vc_column][\/mk_page_section][vc_row][vc_column][vc_column_text]<!-- \/wp:shortcode --><br \/>\n<!-- wp:paragraph --><!-- \/wp:paragraph -->[\/vc_column_text][\/vc_column][\/vc_row]\n","protected":false},"excerpt":{"rendered":"<p>[vc_row][vc_column][vc_column_text]R\u00edgido quanto \u00e0 qualidade de seus servi\u00e7os, o escrit\u00f3rio tem como pr\u00e1tica corrente o constante aperfei\u00e7oamento de seus profissionais atrav\u00e9s de cursos e treinamentos. [vc_row][vc_column width=&#8221;1\/1&#8243;][vc_column_text][\/vc_column_text][mk_button dimension=&#8221;flat&#8221; corner_style=&#8221;rounded&#8221; size=&#8221;medium&#8221; url=&#8221;https:\/\/mblc.adv.br\/novo\/escritorio\/&#8221;]SAIBA MAIS[\/mk_button][\/vc_column][\/mk_page_section][vc_row][vc_column][mk_padding_divider size=&#8221;80&#8243;][\/vc_column][\/vc_row][vc_row fullwidth=&#8221;true&#8221; fullwidth_content=&#8221;false&#8221;][vc_column width=&#8221;5\/12&#8243;][mk_fancy_title color=&#8221;#dd9933&#8243; size=&#8221;40&#8243; force_font_size=&#8221;true&#8221; size_phone=&#8221;25&#8243; font_weight=&#8221;500&#8243; txt_transform=&#8221;none&#8221; font_family=&#8221;Montserrat&#8221; font_type=&#8221;google&#8221;] Vis\u00e3o e Miss\u00e3o [\/mk_fancy_title][vc_column_text disable_pattern=&#8221;false&#8221; css=&#8221;.vc_custom_1622469285500{margin-bottom: 0px !important;}&#8221;] Almejamos ser o melhor [&hellip;]<\/p>\n","protected":false},"author":2,"featured_media":0,"parent":0,"menu_order":0,"comment_status":"closed","ping_status":"closed","template":"","meta":[],"_links":{"self":[{"href":"https:\/\/mblc.adv.br\/novo\/wp-json\/wp\/v2\/pages\/5"}],"collection":[{"href":"https:\/\/mblc.adv.br\/novo\/wp-json\/wp\/v2\/pages"}],"about":[{"href":"https:\/\/mblc.adv.br\/novo\/wp-json\/wp\/v2\/types\/page"}],"author":[{"embeddable":true,"href":"https:\/\/mblc.adv.br\/novo\/wp-json\/wp\/v2\/users\/2"}],"replies":[{"embeddable":true,"href":"https:\/\/mblc.adv.br\/novo\/wp-json\/wp\/v2\/comments?post=5"}],"version-history":[{"count":87,"href":"https:\/\/mblc.adv.br\/novo\/wp-json\/wp\/v2\/pages\/5\/revisions"}],"predecessor-version":[{"id":706,"href":"https:\/\/mblc.adv.br\/novo\/wp-json\/wp\/v2\/pages\/5\/revisions\/706"}],"wp:attachment":[{"href":"https:\/\/mblc.adv.br\/novo\/wp-json\/wp\/v2\/media?parent=5"}],"curies":[{"name":"wp","href":"https:\/\/api.w.org\/{rel}","templated":true}]}}